{"id":22,"date":"2021-03-16T08:11:22","date_gmt":"2021-03-16T08:11:22","guid":{"rendered":"https:\/\/www.levendula.nagyhegyes.hu\/?page_id=22"},"modified":"2021-03-19T08:51:25","modified_gmt":"2021-03-19T08:51:25","slug":"bemutatkozas","status":"publish","type":"page","link":"https:\/\/levendula.nagyhegyes.hu\/?page_id=22","title":{"rendered":"Bemutatkoz\u00e1s"},"content":{"rendered":"\n<p>Nagyhegyes az Alf\u00f6ld nagy kiterjed\u00e9s\u0171 t\u00e1jegys\u00e9g\u00e9n helyezkedik el, a Hortob\u00e1gy keleti sz\u00e9l\u00e9n, a Hajd\u00fas\u00e1g d\u00e9lnyugati hat\u00e1r\u00e1n a Keleti-f\u0151csatorna mellett, a Debrecen, Hajd\u00faszoboszl\u00f3, Balmaz\u00fajv\u00e1ros v\u00e1rosok \u00e1ltal meghat\u00e1rozott urbaniz\u00e1ci\u00f3s k\u00f6rnyezetben. K\u00f6z\u00faton Debrecent\u0151l nyugati ir\u00e1nyban 24, Hajd\u00faszoboszl\u00f3t\u00f3l \u00e9szaki ir\u00e1nyban 11, m\u00edg Balmaz\u00fajv\u00e1rost\u00f3l d\u00e9li ir\u00e1nyban 9 kilom\u00e9terre tal\u00e1lhat\u00f3.<br>&nbsp;Az apartmant\u00f3l 200 m\u00e9terre k\u00f6zvetlen\u00fcl be lehet kapcsol\u00f3dni egy ker\u00e9kp\u00e1r\u00fatba, amely Hajd\u00faszoboszl\u00f3ig \u00e9s Balmaz\u00fajv\u00e1rosig teljes hossz\u00fas\u00e1gban ki van \u00e9p\u00edtve, tov\u00e1bb seg\u00edtve a sportol\u00e1si lehet\u0151s\u00e9geket, tov\u00e1bb\u00e1 a kapcsol\u00f3d\u00f3 telep\u00fcl\u00e9sek megk\u00f6zel\u00edt\u00e9s\u00e9t.<br>&nbsp;A k\u00f6zelben \u2013 p\u00e1rsz\u00e1z m\u00e9ter &#8211; el\u00e9rhet\u0151 t\u00f6bb \u00e9lelmiszerbolt, k\u00e1v\u00e9z\u00f3, l\u00e1ngoss\u00fct\u0151, posta, gy\u00f3gyszert\u00e1r, \u00e9tterem (kisz\u00e1ll\u00edt\u00e1ssal), orvosi rendel\u0151 \u00e9s buszmeg\u00e1ll\u00f3 is. El\u00e9rhet\u0151 tov\u00e1bb\u00e1 j\u00e1tsz\u00f3t\u00e9r, focip\u00e1lya, kos\u00e1rp\u00e1lya, fut\u00f3p\u00e1lya, szabadt\u00e9ri kondipark, melyek remek\u00fcl seg\u00edtik az akt\u00edv kikapcsol\u00f3d\u00e1st.<\/p>\n\n\n\n<p>\u00a0A Levendula Apartman 80 m<sup>2<\/sup> alapter\u00fclet\u0171 7 f\u00e9r\u0151helyes, k\u00e9t szob\u00e1val, nappali-\u00e9tkez\u0151vel, j\u00f3l felszerelt konyh\u00e1val \u00e9s nagy udvarral rendelkezik. Az ingatlan k\u00edv\u00fcl-bel\u00fcl teljesen akad\u00e1lymentes\u00edtett \u00e9s saj\u00e1t parkol\u00f3val is rendelkezik az udvaron. A helysz\u00ednen rendelkez\u00e9sre \u00e1ll wifi, t\u00e9v\u00e9, mos\u00f3g\u00e9p \u00e9s m\u00e9g sok hasznos apr\u00f3s\u00e1g, ami igaz\u00e1n komfortoss\u00e1 teszi a vend\u00e9gh\u00e1zat. Az udvaron saj\u00e1t hinta, homokoz\u00f3 \u00e9s egy\u00e9b k\u00fclt\u00e9ri j\u00e1t\u00e9kok sz\u00ednes\u00edtik a gyerekek pihen\u00e9s\u00e9t. Van tov\u00e1bb\u00e1 szabadt\u00e9ri f\u0151z\u0151hely \u00e9s filag\u00f3ria is, ami pedig a feln\u0151ttek sz\u00e1m\u00e1ra lehet vonz\u00f3. Az apartman ker\u00e9kp\u00e1rokat is tud biztos\u00edtani a vend\u00e9geknek, k\u00f6lcs\u00f6nz\u00e9s form\u00e1j\u00e1ban. A szelekt\u00edv hullad\u00e9kgy\u0171jt\u00e9s \u00e9s a komposzt\u00e1l\u00f3 szint\u00e9n alapfelszerelts\u00e9g.<\/p>\n\n\n\n<p>&nbsp;Ha szeretn\u00e9 felfedezni a k\u00f6rny\u00e9ket, Nagyhegyes lesz a legjobb v\u00e1laszt\u00e1s kiindul\u00f3pontnak! Hajd\u00faszoboszl\u00f3, Hortob\u00e1gy \u00e9s Debrecen turisztikai attrakci\u00f3i ut\u00e1n pihenjen Nagyhegyesen!<\/p>\n\n\n\n<figure class=\"wp-block-image size-large\"><img loading=\"lazy\" decoding=\"async\" width=\"1024\" height=\"682\" src=\"https:\/\/www.levendula.nagyhegyes.hu\/wp-content\/uploads\/2021\/03\/IMG_9950-1024x682.jpg\" alt=\"\" class=\"wp-image-70\" srcset=\"https:\/\/levendula.nagyhegyes.hu\/wp-content\/uploads\/2021\/03\/IMG_9950-1024x682.jpg 1024w, https:\/\/levendula.nagyhegyes.hu\/wp-content\/uploads\/2021\/03\/IMG_9950-768x511.jpg 768w, https:\/\/levendula.nagyhegyes.hu\/wp-content\/uploads\/2021\/03\/IMG_9950-1536x1022.jpg 1536w, https:\/\/levendula.nagyhegyes.hu\/wp-content\/uploads\/2021\/03\/IMG_9950-2048x1363.jpg 2048w, https:\/\/levendula.nagyhegyes.hu\/wp-content\/uploads\/2021\/03\/IMG_9950-960x639.jpg 960w\" sizes=\"auto, (max-width: 1024px) 100vw, 1024px\" \/><figcaption>Levendula Apartman<\/figcaption><\/figure>\n","protected":false},"excerpt":{"rendered":"<p>Nagyhegyes az Alf\u00f6ld nagy kiterjed\u00e9s\u0171 t\u00e1jegys\u00e9g\u00e9n helyezkedik el, a Hortob\u00e1gy<span class=\"more-dots\"><a href=\"https:\/\/levendula.nagyhegyes.hu\/?page_id=22\">[ &#8230; ]<\/span><\/a><\/p>\n","protected":false},"author":1,"featured_media":0,"parent":0,"menu_order":0,"comment_status":"closed","ping_status":"closed","template":"","meta":{"footnotes":""},"class_list":["post-22","page","type-page","status-publish","hentry"],"_links":{"self":[{"href":"https:\/\/levendula.nagyhegyes.hu\/index.php?rest_route=\/wp\/v2\/pages\/22","targetHints":{"allow":["GET"]}}],"collection":[{"href":"https:\/\/levendula.nagyhegyes.hu\/index.php?rest_route=\/wp\/v2\/pages"}],"about":[{"href":"https:\/\/levendula.nagyhegyes.hu\/index.php?rest_route=\/wp\/v2\/types\/page"}],"author":[{"embeddable":true,"href":"https:\/\/levendula.nagyhegyes.hu\/index.php?rest_route=\/wp\/v2\/users\/1"}],"replies":[{"embeddable":true,"href":"https:\/\/levendula.nagyhegyes.hu\/index.php?rest_route=%2Fwp%2Fv2%2Fcomments&post=22"}],"version-history":[{"count":4,"href":"https:\/\/levendula.nagyhegyes.hu\/index.php?rest_route=\/wp\/v2\/pages\/22\/revisions"}],"predecessor-version":[{"id":145,"href":"https:\/\/levendula.nagyhegyes.hu\/index.php?rest_route=\/wp\/v2\/pages\/22\/revisions\/145"}],"wp:attachment":[{"href":"https:\/\/levendula.nagyhegyes.hu\/index.php?rest_route=%2Fwp%2Fv2%2Fmedia&parent=22"}],"curies":[{"name":"wp","href":"https:\/\/api.w.org\/{rel}","templated":true}]}}